{"id":108,"date":"2020-02-06T20:36:12","date_gmt":"2020-02-06T20:36:12","guid":{"rendered":"http:\/\/www.q-spell.de\/?page_id=108"},"modified":"2020-02-06T20:37:36","modified_gmt":"2020-02-06T20:37:36","slug":"impressum","status":"publish","type":"page","link":"http:\/\/www.q-spell.de\/?page_id=108","title":{"rendered":"Impressum"},"content":{"rendered":"\n<h3>Impressum<\/h3>\n\n\n\n<p>Angaben gem\u00e4\u00df \u00a7 5 TMG:<\/p>\n\n\n\n<p>Q-Spell<br>Breitenfelder Stra\u00dfe 12<br>04155 Leipzig<\/p>\n\n\n\n<p>Inh. Martin Queck<\/p>\n\n\n\n<p>Tel. 015121751187<\/p>\n\n\n\n<p>E-Mail MQueck@q-spell.de <\/p>\n\n\n\n<p>Haftungshinweis: Trotz sorgf\u00e4ltiger inhaltlicher Kontrolle \u00fcbernehmen wir keine Haftung <br>f\u00fcr die Inhalte externer Links. F\u00fcr den Inhalt der verlinkten Seiten sind ausschlie\u00dflich deren <br>Betreiber verantwortlich. <\/p>\n ","protected":false},"excerpt":{"rendered":"<p>Impressum Angaben gem\u00e4\u00df \u00a7 5 TMG: Q-SpellBreitenfelder Stra\u00dfe 1204155 Leipzig Inh. Martin Queck Tel. 015121751187 E-Mail MQueck@q-spell.de Haftungshinweis: Trotz sorgf\u00e4ltiger inhaltlicher Kontrolle \u00fcbernehmen wir keine Haftung f\u00fcr die Inhalte externer Links. F\u00fcr den Inhalt der verlinkten Seiten sind ausschlie\u00dflich deren Betreiber verantwortlich.<\/p>\n","protected":false},"author":1,"featured_media":0,"parent":0,"menu_order":0,"comment_status":"closed","ping_status":"closed","template":"","meta":{"spay_email":""},"_links":{"self":[{"href":"http:\/\/www.q-spell.de\/index.php?rest_route=\/wp\/v2\/pages\/108"}],"collection":[{"href":"http:\/\/www.q-spell.de\/index.php?rest_route=\/wp\/v2\/pages"}],"about":[{"href":"http:\/\/www.q-spell.de\/index.php?rest_route=\/wp\/v2\/types\/page"}],"author":[{"embeddable":true,"href":"http:\/\/www.q-spell.de\/index.php?rest_route=\/wp\/v2\/users\/1"}],"replies":[{"embeddable":true,"href":"http:\/\/www.q-spell.de\/index.php?rest_route=%2Fwp%2Fv2%2Fcomments&post=108"}],"version-history":[{"count":2,"href":"http:\/\/www.q-spell.de\/index.php?rest_route=\/wp\/v2\/pages\/108\/revisions"}],"predecessor-version":[{"id":110,"href":"http:\/\/www.q-spell.de\/index.php?rest_route=\/wp\/v2\/pages\/108\/revisions\/110"}],"wp:attachment":[{"href":"http:\/\/www.q-spell.de\/index.php?rest_route=%2Fwp%2Fv2%2Fmedia&parent=108"}],"curies":[{"name":"wp","href":"https:\/\/api.w.org\/{rel}","templated":true}]}}